30 = -17986. Is b a composite number?
True
Suppose v - 2 = -0*v. Suppose -f + 3 = -v. Is 663/f + (-2)/(-5) a prime number?
False
Let f = -109 - -183. Is f a composite number?
True
Let o = 3 + 4. Let r(b) = -5*b**2 - 13*b + 14. Let u(n) = 6*n**2 + 14*n - 15. Let a(z) = o*r(z) + 6*u(z). Is a(6) prime?
True
Suppose 4*g + 4*r = -0*g + 2656, r + 1343 = 2*g. Is g prime?
False
Let u(i) = 0 - 5*i + 3*i + 1. Let h be -9*(1 + 0)*1. Is u(h) composite?
False
Let o = 10 + -6. Suppose 13 = o*c + 5. Suppose -2*l - 17 = -t, 3*l - l + 38 = c*t. Is t composite?
True
Suppose -54 - 102 = 3*c. Let w = c - -179. Is w a prime number?
True
Let a(s) = s**3 + 14*s**2 + 11*s - 16. Let d be a(-13). Let l(b) = -7*b - 4. Let g(k) = k. Let j(u) = -6*g(u) - l(u). Is j(d) composite?
True
Suppose -4*i = 3*n + 14, 3 = -3*i + 2*i - n. Let k = 1 + i. Is (22/3)/(k/(-18)) composite?
True
Let k = -135 - -7. Let l = 377 - 632. Let p = k - l. Is p prime?
True
Let z(y) = -y**2 + 7. Let b be z(6). Let k = b - -139. Let u = -64 + k. Is u prime?
False
Let d = -20 - -10. Let j = 75 + d. Suppose 5*p = -5*v + 65, -3*p = 2*p + 3*v - j. Is p a prime number?
True
Let o(y) = 3*y**3 - 2*y**2 - 2*y - 1. Let l be o(-1). Let j = l + 41. Is j prime?
True
Suppose 5*b = -911 + 2236. Is b a prime number?
False
Suppose 2*f - 948 = 114. Suppose -j - 2*j + f = 0. Is j a composite number?
True
Let p(s) = 10*s**2 - 5*s + 5. Let j(r) = 2*r - 8. Let i be j(7). Is p(i) composite?
True
Let f be 16/(1*(-2 - -3)). Let b(t) = t**2 + 7*t + 9. Is b(f) composite?
True
Suppose 2*y = -6 + 16. Suppose -3*h + h + 288 = 2*k, 0 = y*k + 2*h - 735. Is k prime?
True
Let x = -46 + 173. Is x a composite number?
False
Let y = 54 - 33. Let r = y - 10. Is r + -1 - -1*1 composite?
False
Let n(v) = -967*v**3 - 2*v**2 - 2*v. Is n(-1) composite?
False
Is (11/3)/(1/69) + -2 composite?
False
Suppose 2*s - 1 = -5*u, -3*s - 3*u + 18 - 3 = 0. Let m(i) = i**2 - 7*i - 4. Let q be m(s). Suppose 0*l - 5*l + 169 = q*r, -3*l = 3*r - 129. Is r composite?
True
Let i(w) = 24*w. Let h be i(-1). Let o = -5 - h. Is o prime?
True
Suppose -r + 5*r = -o, -5*o + 42 = -r. Suppose 2*a + 0 = o. Suppose 5 = -w - 2*l, -a*w + 5*l = -47 + 15. Is w composite?
False
Let d = 25 - -23. Suppose d = 3*u + 3*o, -4*u - 4*o - 6 = -5*u. Is u composite?
True
Let z(q) = 169*q**2 - 2*q + 1. Is z(2) a prime number?
True
Let y be 2/(-2) + (-12)/(-2). Suppose -u + 0*r = y*r - 43, 5*r = 2*u - 116. Is u prime?
True
Let i(b) = 24*b - 1. Let z(t) = t**3 - 3*t**2 - 3*t. Let m be z(4). Suppose -f = -m*s + 4*f + 16, -4 = -s - 2*f. Is i(s) a prime number?
False
Suppose -3*p - 119 = -2*i, -3*i + 69 = -2*p - 107. Suppose -5*d - 2*w + 8 = -85, -3*d + w = -i. Is d a composite number?
False
Let z be 14/(-3)*15/(-10). Is z/((-7)/(-250)) - -1 composite?
False
Let r be 4/8 - 2/4. Suppose r = -8*z + 3*z + 95. Is z composite?
False
Let i(c) = -3*c - 6*c + 4*c. Let m = 7 - 12. Is i(m) prime?
False
Let q be 433/5 + (-6)/10. Let z = -31 + q. Is z composite?
True
Suppose 36 = 5*l - 2*l. Is l/4 + 2*17 prime?
True
Let u = 5 - 1. Suppose u*g + 88 = -276. Let x = 129 + g. Is x a prime number?
False
Let d(u) = -36*u - 3. Let z be d(3). Let k = z + 200. Is k a prime number?
True
Suppose -4 + 10 = 3*s. Let w be -1 - (2 + -1) - s. Let m(f) = 3*f**2 - 3*f + 5. Is m(w) composite?
True
Let q be 13*(24*-1)/(-3). Suppose -q = -4*p + 4*s, -5*p + 5*s = 4*s - 122. Let n = p + -14. Is n a composite number?
True
Let u = 341 - 22. Is u a prime number?
False
Suppose 5*x - 5*w = -w + 62, -x + 2*w = -10. Is x prime?
False
Suppose 5*u - 1945 = -0*u. Is u a prime number?
True
Suppose 0 = -4*s - 0*s + 44. Let q = 8 - s. Let u(w) = -3*w**3 - 2. Is u(q) a composite number?
False
Let g(d) = 57*d**2 - d. Let z(s) = s**3 + 3*s**2 - s - 4. Let u be z(-3). Let j be g(u). Suppose -7 = y - j. Is y a prime number?
False
Let x = -153 + 105. Let f = x - -209. Is f prime?
False
Suppose -4*h = -3*h - 2. Suppose h*u + 68 = 3*u + 3*p, 0 = -2*u + p + 101. Is u prime?
True
Suppose -3*r + 2*t = r - 12, 3*r - t = 11. Suppose r*z = -3*d + 3*z + 183, 3*d - 192 = -5*z. Is d composite?
False
Let u(s) = -34*s**2 - s - 3. Let n be u(-3). Let c = 509 + n. Is c a prime number?
False
Suppose -4*x + x = 0. Suppose n - 85 = -x*n. Is n prime?
False
Is (-5)/((-15)/441) - 2 a composite number?
True
Suppose -r + 21 = 2. Let m = r - 13. Is m a composite number?
True
Let b(t) = 4*t**2 + 4*t - 7. Let f be b(-5). Let c(m) = -m + 6. Let p be c(6). Suppose 5*o + f = a - p*a, -102 = -2*a - o. Is a a composite number?
False
Let f(h) = -3*h**3 - 5*h**2 - 2*h + 13. Is f(-6) a composite number?
True
Suppose 0 = -5*a + a + 4172. Is a prime?
False
Let z = -162 + 373. Is z prime?
True
Let v be (-8)/6*6/(-4). Is 2*-1 + v - -31 composite?
False
Let v = 4 + -5. Let p be v/(-3) - 8/(-3). Suppose p*b - 5*b = -42. Is b prime?
False
Is 2/(-3) + (-2998)/(-6) prime?
True
Suppose 1597 = 7*n + 470. Is n prime?
False
Suppose -3*r = 4*w + 150, w + 2*r + 112 = -2*w. Let b = 82 + w. Is b a prime number?
False
Is ((-5621)/(-14))/((-2)/(-4)) a prime number?
False
Is (-2)/(16/(-4))*38 a composite number?
False
Let q(u) = 378*u**2 - 3*u + 2. Is q(1) composite?
True
Suppose -2*c + 1380 = 2*u + 118, 0 = -4*u - 3*c + 2524. Is u prime?
True
Let s(z) = z**3 - 4*z. Suppose 3*k - 14 = -0*p + 5*p, 0 = -3*k + 3*p + 12. Is s(k) a composite number?
True
Let s(p) = p**3 - 4*p**2 - 5*p - 17. Let j = -14 + 22. Is s(j) a prime number?
True
Let x be (-1)/(-3) + 70/15. Suppose -l + x*b + 296 = 3*l, 3*b = 4*l - 304. Is l a composite number?
False
Suppose 665 = -18*c + 23*c. Is c composite?
True
Let m be ((-2)/4)/(7/8498). Let b = 914 + m. Is b prime?
True
Let z(w) = -4*w. Let a be z(-1). Suppose -x = 1 - a. Suppose -4*h - 3*o + o = -578, x*h - 437 = 2*o. Is h a prime number?
False
Suppose 6*n - 4*n + 5*m = 2526, -n + 1249 = -m. Is n a composite number?
True
Suppose 0 = -5*n - 4*i - 36, 4*n + 2*i = 5*i - 35. Let f(v) be the second derivative of v**5/20 + 5*v**4/6 + 2*v**3 + v**2/2 - 2*v. Is f(n) a prime number?
False
Let w(v) = 2*v**2 - 12*v + 3. Is w(10) prime?
True
Suppose -9*v - 269 = -4652. Is v a prime number?
True
Let t(g) be the second derivative of 7*g**4/12 + 2*g**3 + 5*g**2 - g. Is t(-9) a prime number?
False
Let h(o) = 9*o**3 + 2*o**2 - 13*o - 15. Is h(7) a composite number?
False
Is (-2)/(-7)*1278 - (-22)/(-154) prime?
False
Suppose 4*l = -l - m + 371, 154 = 2*l - m. Let v = l + -8. Is v prime?
True
Let m(k) = -k**3 + 10*k**2 + 13*k + 3. Is m(8) composite?
True
Suppose 0 = 4*d - 5 - 3. Suppose -v + 4*v = 423. Suppose -g = d*g - v. Is g composite?
False
Let l(u) = -2*u + 413. Let j be (6 + -6)*(-2)/4. Is l(j) prime?
False
Let f(s) = 0*s - 7*s**3 - 5*s + 1 + 0*s**3 + 4*s - 5*s**2. Is f(-4) a prime number?
True
Suppose 19 = -n - 0. Let a = -13 - n. Let q(t) = t**2 - 4*t + 3. Is q(a) a prime number?
False
Let a(l) = l**3 + 2*l**2 - 4*l - 3. Let t be a(-2). Suppose t*q + r - 56 = 44, -r = 3*q - 62. Is q a composite number?
False
Suppose 0 = -3*h + 3*a - 13 + 4, 2*h - 12 = -4*a. Suppose h = 7*y - 5*y - 1358. Is y a prime number?
False
Let k(w) = 26*w**2 - 13*w + 10. Is k(7) a composite number?
False
Let i = 54 + 431. Is i a prime number?
False
Is (-5 - -7) + (330 - 1) a composite number?
False
Suppose -309 - 610 = -z. Is z composite?
False
Suppose -5*q - 16 = 14. Is (-1234)/q + (-4)/6 prime?
False
Suppose 9 = 3*k - 0. Suppose -8*a = -k*a - 30. Is a a composite number?
True
Let s(n) = -n**3 + 17*n**2 - 14*n - 5. Let g be s(16). Let t = g - 1. Is t composite?
True
Let c = 44 - 21. Let y = 60 + c. Is y prime?
True
Let j(x) be the second derivative of -3*x**5/20 + 5*x**4/12 + x**3/6 - 2*x**2 + x. Let r = 0 + -3. Is j(r) a prime number?
False
Let g = -6 - -9. Suppose -g*q + i = -164, -5*i = -2*q - i + 126. Is q a prime number?
True
Suppose -4*x + 152 + 4 = 0. Suppose 26 = 5*h - x. Is h composite?
False
Let y = -1720 - -3281. Is y a prime number?
False
Let u = 16 - 9. Let r = u - -20. Let n = r - -100. Is n prime?
True
Let j(g) = -g**3 + 4*g**2 + 7*g + 4. Let b be j(6). Let h = b + 81. Is h composite?
True
Let l = 17 + -12. Suppose 5*k + 0*n - 71 = 3*n, -l*k + 2*n = -69. Is k a composite number?
False
Let o(f) = 5*f**3 - 5*f**2 + 3*f - 4. Let k(y) = y + 1. Let m be k(2). Is o(m) a composite number?
True
S